se 7, what is 152652520 + 5?
152652525
In base 5, what is -23330442 - 233?
-23331230
In base 16, what is 18d0a3a + -23?
18d0a17
In base 5, what is -14013442103 + 10?
-14013442043
In base 4, what is 1332111 - -1321230?
3320001
In base 3, what is 200201 + -11021012?
-10120111
In base 6, what is -34415003 - -235?
-34414324
In base 11, what is -1 - -1180313a?
11803139
In base 15, what is 4bd3d7 + 16?
4bd3ed
In base 6, what is 1 - 5032210?
-5032205
In base 12, what is 5032a3a4 - -2?
5032a3a6
In base 16, what is -111909 + -3?
-11190c
In base 7, what is 3364000 - -204?
3364204
In base 7, what is 210615 + -203?
210412
In base 15, what is 39e3 + -13a?
38a8
In base 2, what is 100011000010101100001111011 + -111?
100011000010101100001110100
In base 5, what is -213242030 + -4?
-213242034
In base 13, what is -a15aa09 - 1?
-a15aa0a
In base 8, what is 25654142 + -1?
25654141
In base 8, what is 1256455 + 2263?
1260740
In base 5, what is -1013130134 - -124?
-1013130010
In base 6, what is -203 - -1431442?
1431235
In base 16, what is 2 - -10d49704?
10d49706
In base 5, what is -143213424 - 41?
-143214020
In base 10, what is -5 - -4414305?
4414300
In base 13, what is -7a219 - 162?
-7a37b
In base 7, what is 2052 + 22316?
24401
In base 15, what is -7681 - 474b?
-bdcc
In base 11, what is -38848136 - 4?
-3884813a
In base 14, what is 603a7dd - -5?
603a804
In base 8, what is -16 + -1405724?
-1405742
In base 4, what is -1 + 2130232223?
2130232222
In base 7, what is 21 + -1022466002?
-1022465651
In base 16, what is 30 - -14057e?
1405ae
In base 4, what is -2 + -101102011301?
-101102011303
In base 12, what is -5 + 4333b9?
4333b4
In base 7, what is -110344132 + -6?
-110344141
In base 5, what is 10220100 + 140?
10220240
In base 2, what is 1011100000110101111 + -110010111001?
1011011010011110110
In base 4, what is -10010011032 - -13?
-10010011013
In base 7, what is -10305 - 154232?
-164540
In base 14, what is 918 + b8bd?
c3d7
In base 10, what is 3 - -15126877?
15126880
In base 13, what is 23a33 + -1b?
23a15
In base 6, what is 40 + 3025204?
3025244
In base 9, what is -5248082 + -28?
-5248121
In base 6, what is 3 + -2330132?
-2330125
In base 8, what is 25766 + -26661?
-673
In base 14, what is 4 - -413c3bc?
413c3c2
In base 4, what is -10 + -321122322201?
-321122322211
In base 15, what is c - 49802?
-497e5
In base 8, what is -2353741 - -10?
-2353731
In base 8, what is -7 + -101255172?
-101255201
In base 6, what is -4 - 2152341200?
-2152341204
In base 7, what is -3 - 35454243?
-35454246
In base 15, what is 0 + -18688db?
-18688db
In base 9, what is 26628 + 473?
27212
In base 12, what is -100b565 - 3?
-100b568
In base 9, what is -23 - 1428288?
-1428322
In base 3, what is -221000201220011120 + -11?
-221000201220011201
In base 11, what is -11648080 + 2?
-11648079
In base 12, what is 97 - -22a206?
22a2a1
In base 16, what is b8 - aed5a?
-aeca2
In base 16, what is -2 + -ee8a618?
-ee8a61a
In base 2, what is -1010101 - 1101010011100110010?
-1101010011110000111
In base 13, what is 1054 - -7abab?
7bc32
In base 9, what is -454284160 - -4?
-454284155
In base 6, what is 10030 + 32531?
43001
In base 3, what is -11 - -2020110222201?
2020110222120
In base 15, what is -100e - 2682?
-3691
In base 2, what is 100110000101111010 - -110000?
100110000110101010
In base 5, what is -3 - -42220424011?
42220424003
In base 7, what is -4435336620 - 4?
-4435336624
In base 14, what is -944 - 17919?
-1845d
In base 14, what is -6ba7a + 1?
-6ba79
In base 2, what is -101 + 1001010101100110010000001?
1001010101100110001111100
In base 16, what is 25da8 + 1f2?
25f9a
In base 14, what is -36 + 784a6?
78470
In base 11, what is 5519 - -45940?
50359
In base 10, what is 25629 - -308?
25937
In base 9, what is -54 - -3287856?
3287802
In base 9, what is 4 - 243380111?
-243380106
In base 8, what is -1 - -61635256?
61635255
In base 12, what is -8 + 8714553?
8714547
In base 10, what is -293963389 + -4?
-293963393
In base 16, what is 350b1e2 + 9?
350b1eb
In base 9, what is 2242 - 17505?
-15253
In base 12, what is 557424 + -20?
557404
In base 12, what is -164937a6 + -2?
-164937a8
In base 5, what is 200440301244 - -32?
200440301331
In base 8, what is -42034154 - -5?
-42034147
In base 8, what is 216 + 30712?
31130
In base 8, what is 10043340 - 15?
10043323
In base 3, what is -222120110121001 + -201?
-222120110121202
In base 16, what is 230d5f + f?
230d6e
In base 4, what is 100323112 + -1011111?
33312001
In base 14, what is 42254 + a?
42260
In base 3, what is -101 - 111222012111022?
-111222012111200
In base 6, what is 412 + -12011325?
-12010513
In base 16, what is -fd7e - -5a?
-fd24
In base 7, what is 650 + -40301?
-36321
In base 13, what is -2a159b + 18?
-2a1583
In base 11, what is -40a - 5460?
-586a
In base 14, what is -2174c - -b2?
-2167a
In base 5, what is 4 + 10203223?
10203232
In base 5, what is -112240201 + 3?
-112240143
In base 9, what is 1078 + 88211?
100300
In base 12, what is 15401632 + 2?
15401634
In base 6, what is -321032 - 0?
-321032
In base 15, what is 19ebe1 + 11c?
19ed0d
In base 10, what is -750 + -8175?
-8925
In base 4, what is 110132 + -1103?
103023
In base 2, what is 1101 + -10010001000011111?
-10010001000010010
In base 10, what is -26166464 + 3?
-26166461
In base 2, what is 101001010100100100011000 + -100?
101001010100100100010100
In base 16, what is -4c - 131212?
-13125e
In base 10, what is 79180 - 18?
79162
In base 12, what is 211 + 172a?
193b
In base 14, what is 112211 + 11?
112222
In base 15, what is 4 + 72d4dd5?
72d4dd9
In base 6, what is -450003533 - -150?
-450003343
In base 8, what is -270426327 + 0?
-270426327
In base 2, what is -10000000011000100000111 - -10000?
-10000000011000011110111
In base 15, what is 0 - -5be455?
5be455
In base 5, what is 10 + -1233141142?
-1233141132
In base 7, what is -1046440 - 211?
-1046651
In base 7, what is 4164 + -13423?
-6226
In base 15, what is -1c - 56a20?
-56a3c
In base 9, what is 107178 + -17248?
78830
In base 8, what is 4 - -24667021?
24667025
In base 7, what is 344024 + 23?
344050
In base 3, what is -20222002222220 - 10?
-20222010000000
In base 13, what is -31a - -9903?
95b6
In base 13, what is 145 + 106472?
1065b7
In base 7, what is -3 - -5150504?
5150501
In base 5, what is 410 - -2041112023?
2041112433
In base 10, what is 14 - -26610725?
26610739
In base 6, what is 432212 + -32340?
355432
In base 5, what is -11 - 240242014?
-240242030
In base 2, what is 100 - 111101111001100100100111?
-111101111001100100100011
In base 4, what is 10 + 100012211230?
100012211300
In base 13, what is -386 + 317c8?
31442
In base 7, what is 10504 - -464366?
505203
In base 9, what is -128203 - -757?
-127335
In base 15, what is d0cb + d0?
d1ab
In base 4, what is -311033 - 202222131?
-203133230
In base 11, what is -259 - 8721?
-897a
In base 3, what is -1211 + 120200222011?
120200220100
In base 7, what is -306014 - 10102?
-316116
In base 2, what is -101001111110 + 10010001010110?
1100111011000
In base 6, what is 10044001 - 3350?
10040211
In base 15, what is 3 - -459181?
459184
In base 8, what is -112 + -236737?
-237051
In base 12, what is 53 + 4616b?
46202
In base 2, what is 11110000111001011111011111 + -100?
11110000111001011111011011
In base 12, what is -13 - -b587a5?
b58792
In base 15, what is -20a395 + -5a?
-20a400
In base 9, what is -10432116 - 34?
-10432151
In base 13, what is 1146335 + -5?
1146330
In base 14, what is 4 + -28ba7c8?
-28ba7c4
In base 5, what is 242122 + 20301?
312423
In base 8, what is 24610770 + 5?
24610775
In base 5, what is -24033011 + -313?
-24033324
In base 14, what is 8c1ab4 - 2?
8c1ab2
In base 7, what is 323214 - 1115?
322066
In base 5, what is 324144 - 4412?
314232
In base 4, what is 1 + -22022102121?
-22022102120
In base 7, what is -6 + -46406153?
-46406162
In base 14, what is -1 + -873d5c?
-873d5d
In base 11, what is 5 - -67a197?
67a1a1
In base 11, what is 4 - -1a786101?
1a786105
In base 2, what is 10000000 + -10001111101100010?
-10001111011100010
In base 8, what is 40 - 33535251?
-33535211
In base 10, what is 61779 + 4?
61783
In base 6, what is -125 + -55015145?
-55015314
In base 16, what is -9 - 356c0d?
-356c16
In base 12, what is -1 - 415444?
-415445
In base 8, what is 476 + -44566?
-44070
In base 16, what is -686 - 1647?
-1ccd
In base 14, what is 4ac - -70?